ighest common divisor of 32 and 4596032?
32
Calculate the greatest common divisor of 221 and 7360847.
221
Calculate the greatest common divisor of 475 and 763990.
95
What is the greatest common factor of 38096 and 2800?
16
Calculate the greatest common divisor of 1161 and 783.
27
Calculate the greatest common factor of 287826 and 42.
42
Calculate the highest common factor of 206152 and 12708.
1412
Calculate the greatest common factor of 21873 and 207.
69
What is the greatest common factor of 4311 and 131246?
479
Calculate the highest common factor of 5598396 and 296.
148
What is the greatest common factor of 1414 and 112?
14
Calculate the highest common factor of 16723 and 2569.
7
Calculate the highest common divisor of 174540 and 120.
60
What is the greatest common factor of 7055 and 63080?
415
What is the greatest common divisor of 86034 and 17316?
78
Calculate the highest common factor of 8888 and 2552.
88
Calculate the greatest common factor of 178 and 4096670.
178
What is the greatest common divisor of 386711 and 2416?
151
Calculate the highest common divisor of 74935 and 280.
35
Calculate the highest common factor of 1979 and 7.
1
What is the greatest common divisor of 29524 and 7612?
44
Calculate the highest common factor of 4967 and 603.
1
Calculate the greatest common divisor of 1192 and 23542.
298
Calculate the highest common divisor of 25 and 331025.
25
What is the highest common factor of 52 and 5280444?
52
What is the greatest common divisor of 88461 and 90?
9
What is the greatest common divisor of 176 and 14256?
176
What is the greatest common divisor of 838736 and 534?
178
Calculate the highest common divisor of 9145 and 620.
155
What is the highest common divisor of 12 and 49524?
12
Calculate the greatest common divisor of 920 and 18952.
184
What is the highest common divisor of 299914 and 68?
34
Calculate the greatest common divisor of 130 and 4310.
10
What is the greatest common factor of 20729 and 216018?
1091
What is the greatest common factor of 622256 and 112?
16
Calculate the highest common factor of 3009822 and 24.
6
What is the highest common factor of 22 and 18304?
22
Calculate the highest common divisor of 130 and 1701622.
26
What is the greatest common factor of 135 and 244?
1
Calculate the greatest common factor of 100 and 42050.
50
Calculate the highest common divisor of 4675 and 15147.
187
What is the greatest common factor of 406 and 830144?
14
What is the highest common divisor of 56689 and 913?
83
What is the greatest common divisor of 4384 and 1507?
137
Calculate the highest common divisor of 107038 and 1090.
218
What is the highest common factor of 278750 and 3625?
125
What is the greatest common divisor of 57648 and 192?
48
Calculate the greatest common divisor of 902 and 4645751.
451
Calculate the greatest common divisor of 346127 and 149.
149
Calculate the greatest common divisor of 85 and 149515.
85
Calculate the highest common factor of 2397 and 204.
51
Calculate the highest common factor of 231 and 1287.
33
Calculate the highest common divisor of 48384 and 1800.
72
Calculate the highest common factor of 3866549 and 47.
47
What is the highest common divisor of 54 and 61371?
27
What is the highest common factor of 34815 and 330?
165
What is the greatest common divisor of 10818 and 33714?
18
What is the greatest common factor of 1840 and 42665?
115
Calculate the highest common factor of 11 and 5236033.
11
Calculate the greatest common divisor of 135 and 53195.
5
Calculate the highest common divisor of 2616803 and 14.
7
Calculate the highest common factor of 423 and 108006.
141
Calculate the highest common factor of 45 and 3785.
5
Calculate the greatest common factor of 539 and 290829.
77
Calculate the highest common divisor of 205504 and 76.
76
Calculate the greatest common factor of 2570 and 30.
10
Calculate the highest common factor of 1423296 and 144.
144
What is the greatest common divisor of 11 and 242143?
11
Calculate the highest common factor of 12 and 11999040.
12
What is the greatest common divisor of 480 and 16160?
160
Calculate the greatest common factor of 55 and 539.
11
Calculate the highest common factor of 147738 and 12.
6
Calculate the highest common divisor of 1165 and 168692.
233
What is the greatest common divisor of 105 and 5665695?
105
Calculate the greatest common factor of 40 and 10152.
8
What is the highest common factor of 7225 and 8725?
25
Calculate the highest common factor of 5589 and 13608.
243
What is the highest common divisor of 192 and 118176?
96
What is the greatest common factor of 4620 and 1785?
105
What is the highest common factor of 15210 and 42?
6
Calculate the highest common factor of 555 and 581307.
111
What is the greatest common divisor of 11 and 1114223?
11
Calculate the greatest common divisor of 2583 and 1575.
63
Calculate the greatest common factor of 1188 and 11286.
594
What is the highest common divisor of 50 and 2925550?
50
What is the highest common factor of 54 and 58038?
6
Calculate the greatest common divisor of 2028 and 1769092.
676
What is the highest common factor of 6613 and 9336?
389
Calculate the greatest common factor of 266 and 1162952.
266
Calculate the greatest common factor of 216618 and 38868.
474
Calculate the greatest common divisor of 3708 and 1788.
12
Calculate the highest common divisor of 30072 and 910.
14
Calculate the greatest common factor of 1434 and 15535.
239
What is the greatest common divisor of 4726 and 449526?
278
Calculate the greatest common divisor of 477 and 97149.
159
Calculate the greatest common divisor of 2688 and 38400.
384
What is the highest common divisor of 482772 and 24?
12
Calculate the highest common divisor of 6468 and 594.
66
Calculate the greatest common factor of 293 and 1049233.
293
What is the highest common divisor of 1119932 and 55?
11
Calculate the highest common factor of 423 and 277347.
141
What is the highest common divisor of 22814 and 77?
11
What is the greatest common factor of 6755 and 252?
7
Calculate the highest common factor of 130571 and 23.
23
Calculate the greatest common factor of 10751 and 247.
13
Calculate the greatest common factor of 213271 and 6285.
419
Calculate the highest common factor of 469472 and 136.
136
What is the highest common divisor of 324129 and 39?
39
What is the greatest common factor of 13 and 3985?
1
What is the highest common divisor of 351 and 193518?
117
Calculate the highest common factor of 84 and 752360.
28
Calculate the highest common divisor of 142 and 135823.
71
What is the greatest common factor of 224 and 87136?
224
Calculate the highest common factor of 2933847 and 602.
301
Calculate the greatest common divisor of 265060 and 36.
4
Calculate the greatest common divisor of 25 and 5855.
5
Calculate the greatest common divisor of 7650 and 15164.
34
What is the greatest common factor of 299 and 18653?
23
What is the greatest common factor of 21717 and 342?
171
Calculate the greatest common divisor of 319 and 319377.
29
What is the greatest common factor of 4512 and 96?
96
What is the highest common factor of 4410 and 2600?
10
Calculate the greatest common divisor of 1275 and 890800.
425
What is the greatest common factor of 34998 and 1482?
114
Calculate the highest common divisor of 1493108 and 283.
283
Calculate the highest common divisor of 6952 and 3124.
44
Calculate the highest common factor of 175 and 59010.
35
What is the highest common factor of 87975 and 3128?
391
Calculate the highest common factor of 185 and 755.
5
Calculate the highest common divisor of 46 and 46391.
23
Calculate the highest common divisor of 5290 and 243570.
230
Calculate the greatest common factor of 221 and 280228.
221
Calculate the greatest common factor of 1860 and 30132.
372
What is the highest common divisor of 304 and 173964?
76
Calculate the greatest common factor of 675 and 33615.
135
What is the greatest common factor of 76 and 121576?
4
Calculate the highest common factor of 61534 and 143.
11
What is the greatest common divisor of 515 and 6901?
103
Calculate the greatest common factor of 2696901 and 1481.
1481
Calculate the highest common divisor of 4301 and 9821.
23
What is the greatest common divisor of 74 and 10619?
37
Calculate the greatest common divisor of